
-5
Let q = 1 + 1. Let d(f) = 4 + q*f + 0 + 3 - 5. Determine d(-5).
-8
Let z(w) = 3*w**2. Let p be z(1). Let y be (p + -2)/(3 - 2). Let f(t) = -6*t**3 + t**2. What is f(y)?
-5
Let h(m) be the first derivative of -m**4/4 - 2*m**3 - 5*m**2/2 + m - 2. Let d = -111 - -107. Determine h(d).
-11
Let b be (-28)/(-24) - 2/12. Let u be (-13 + b)*18/(-24). Suppose 4*s = 11 + u. Let z(g) = g**3 - 4*g**2 - 6*g + 2. What is z(s)?
-3
Suppose -15*o - 72 = -6*o. Let l(z) = -z**3 - 7*z**2 + 7*z + 2. What is l(o)?
10
Suppose s + 3*s - 24 = 0. Suppose -s = 2*h - h. Let d(n) = -n**2 - 5*n + 8. Calculate d(h).
2
Let o(h) = 6*h**2 + 0*h - h**2 - 1 - 4*h**2 + 5*h. What is o(-5)?
-1
Let t = -90 + 56. Let c(p) = -2*p**2 + 4*p. Let j(x) = 108*x + 5*x**2 - 131*x + 7*x**2. Let v(r) = t*c(r) - 6*j(r). Calculate v(2).
-12
Let x(l) = 3*l - 1. Let d(w) = 7*w - 3. Let c(p) = -4*d(p) + 9*x(p). Let m(k) = -k + 2. Let t(q) = -4*c(q) + 5*m(q). What is t(4)?
-6
Let t(p) = 4*p**3 + p**2 - p**2 - 3*p**3. Determine t(2).
8
Let a(p) = -p**3 + 4*p**3 - p - 1 - 6*p**3. Calculate a(-1).
3
Let q(a) = -a. Let s(w) = -6*w + 1. Let j be (-2)/(-5)*(-15)/6. Let m(p) = j*q(p) - s(p). What is m(1)?
6
Let a(l) = -2*l - 6. Suppose -b - 8 = -1. Calculate a(b).
8
Let x be (-1 + 6)*(-8)/10. Let d = 9 + -7. Let k(g) = 4*g**2 + d*g + 0*g**2 - g + g**3 + 1. Give k(x).
-3
Let z(h) = -4*h - 1. Let k(v) = 21*v + 4. Let n be ((-66)/(-24))/(2/(-8)). Let c(q) = n*z(q) - 2*k(q). What is c(-3)?
-3
Let w(q) be the second derivative of q**4/12 + 7*q**3/6 - 3*q**2/2 + 7*q. Give w(-6).
-9
Suppose -2*c + 19 = 11. Let z(n) be the second derivative of 1/12*n**c + n + 0 + 2*n**2 + n**3. Give z(-3).
-5
Let j(q) = -q**2 - 6*q - 3. Let x(c) = c**2 + 6*c + 2. Let z(d) = 4*j(d) + 3*x(d). Let n be 3*2/(-6)*5. Calculate z(n).
-1
Let y(h) = h. Let p(s) = s - 13. Let f be p(10). Determine y(f).
-3
Suppose 2*s + 6*v - 2*v = 0, 4*s - 3 = -5*v. Suppose 3*q = -1 + 10. Let k(h) = -2 - 2*h - 2*h**2 - 2*h**3 + 4*h + h**3 + 2*h**q. Calculate k(s).
2
Let h(y) = -2*y + 1. Let d be (-2)/6*(7 - 1). Let v be h(d). Let r(i) = -i + 4. Determine r(v).
-1
Let d = -11 + 12. Suppose -7 = 3*k - d. Let t(b) = b**2 + b + 2. Determine t(k).
4
Let c(t) be the second derivative of 3*t**8/2240 + t**6/720 + t**5/120 + t**4/6 - t. Let f(a) be the third derivative of c(a). Calculate f(-1).
-9
Let g(z) = 4*z**3 + 3*z**2 + z + 2. Let o be (3/9*3)/(4/(-8)). What is g(o)?
-20
Let n(r) = -11*r**2 - 2*r + 1. Let m = 11 + -17. Let j be 22/33*m/(-4). What is n(j)?
-12
Let j(l) be the second derivative of l**5/60 + l**4/8 + l**3/3 - 2*l. Let t(p) be the second derivative of j(p). What is t(-4)?
-5
Let q(r) = -r**3 + r + 7. Let v be ((-3)/2 + 27/18)*1. Give q(v).
7
Suppose -88*f - 33 = -91*f. Let r(k) = k**2 - 12*k + 9. What is r(f)?
-2
Let t(i) = i**3 + 5*i**2 + 2*i - 3. Suppose 2*m - 8 = 4*b + m, -3*b + 1 = m. Let x = b + -3. Give t(x).
5
Let r = 2 + 1. Suppose -f + 3*a - 4 = 2, 0 = -2*f - 3*a - r. Let d(m) = 3*m + 4. Give d(f).
-5
Let r(x) = -x**3 + 3*x**2 + 5*x + 2. Let j(c) = 3*c - 14. Let t be j(6). Calculate r(t).
6
Let q(a) = -a + 3. Let r be q(-5). Let b(t) = t**3 - 7*t**2 - 9*t + 9. Let g be b(r). Let m(j) = 0 + 3 - g - j. What is m(4)?
-2
Let h be ((-12)/(-15))/((-4)/10). Let b = h + -2. Let x = b + 4. Let n(i) = -i**3 - i + 5. What is n(x)?
5
Let f(d) = -d**2 + 9*d + 9. Let p(x) = x**3 + x**2 + x - 5. Let g be p(2). Calculate f(g).
9
Let u(f) be the first derivative of -f**4/4 - 4*f**3/3 - 2*f**2 + 20. Calculate u(-3).
3
Let u(y) = 7*y + 17. Let i be -5*(-3)/(-3)*-1. Let a(c) = -4*c - 8. Suppose 31 = 2*d - 5*q, d - 4*q - 23 = -0*d. Let v(n) = d*u(n) + i*a(n). Give v(-5).
6
Let j(f) = -f**3 - 4*f**2 + 5*f - 5. Let v be 4/(-8)*-7*2. Suppose 3*t + 9 = y, -t = 4*y - v - 3. Suppose -2 = m + y. Determine j(m).
-5
Let u(i) = i - 1. Suppose 2*c + 225 = 49. Let k be (c/(-8))/(2 - 1). Let d(s) = -3*s + 2. Let q(y) = k*u(y) + 4*d(y). Determine q(-3).
0
Suppose 3*t + 4*w = 2*w - 17, 6 = -t - w. Let f(b) = -b. What is f(t)?
5
Let d = 21 - 9. Suppose -3*p = -h - d, 3*h - 3*p + 20 - 2 = 0. Let g(q) = 2*q - 2. Give g(h).
-8
Let f(m) = -m + 11. Suppose 0 = x - 0*b - b - 17, -31 = -3*x - 2*b. Suppose 0 = -h + 4*i + 3 - 0, -i = -2*h + x. Let o be f(h). Let n(w) = w - 3. What is n(o)?
1
Let k(v) = v + 5. Let t(z) = -z**3 - 7*z**2 - 7*z - 6. Let u(i) = i**3 - i**2 - 6. Let s be u(0). Let a be t(s). Calculate k(a).
5
Let s = 13 + -11. Let h(k) = 2*k**3 - k**2 - k - 2. Calculate h(s).
8
Let x(u) = 2*u + u**2 - 2*u - 4*u - u. Determine x(6).
6
Let b(x) be the first derivative of 5/3*x**3 - x + 7 - 2*x**2 - 1/4*x**4. Determine b(3).
5
Let f(x) = x**2 + 6*x + 4. Let b(h) = 2*h - 16. Let g be b(6). What is f(g)?
-4
Let i(n) = n**2 - 6. Let b = 15 + -15. Give i(b).
-6
Let d(k) = -k**3 + 2*k**2 + 1. Let l be d(2). Suppose -10 = 5*g + 5*f, 2*g - 20 = -0*g + 4*f. Let j(a) = g + 32*a - 3 - 16*a - 12*a. Give j(l).
3
Suppose -1 + 5 = 2*r. Let o(p) = -2*p - 1. Calculate o(r).
-5
Let w be 21/14*8/6. Let t(l) = 3*l**2 - 4*l + 3. Give t(w).
7
Let p(a) be the third derivative of a**6/120 + a**5/10 + a**4/4 + a**3 + a**2. Let r = -10 - -19. Let v = 4 - r. Give p(v).
1
Suppose 4*l - 8 = 32. Suppose 2*o = -g + l, 3*g = -o - 3*o + 18. Let s(j) = -j**2 + 8*j - 4. Determine s(o).
8
Let g(m) = m**2 - 7*m - 10. Suppose -13 - 43 = -7*t. Give g(t).
-2
Let g(a) be the first derivative of a**4/4 + 8*a**3/3 + 3*a**2 - 5*a + 4. Let w(v) = -v**3 - 9*v**2 - 7*v + 6. Let z(h) = -5*g(h) - 4*w(h). Calculate z(-2).
-3
Let a(q) = -6*q - 6 + 4 + 6 - q**2 + 3. Calculate a(-6).
7
Let c be (-28)/(-16) + (-2)/(-8). Let r(g) = 1 - 3*g**c + 2 - g - 3*g + 5*g**2. Let n = 3 - 1. Calculate r(n).
3
Let p(j) = j**3 - 6*j**2 - 7*j + 3. Let y be p(7). Let a(z) = -2*z. Calculate a(y).
-6
Suppose -6 = 8*s + 66. Let x(j) = -j**2 - 9*j - 2. Determine x(s).
-2
Let o(y) = 3*y + 2. Suppose -2 = -7*j + 6*j. Calculate o(j).
8
Let u be 32/(-18) + 4/(-18). Let j(x) be the second derivative of x**5/20 - x**4/12 - x**3/2 - x**2/2 - 6*x. Calculate j(u).
-7
Let y(i) = i + 2. Let c be y(3). Let x = -2 - -5. Let b(f) = -10 - f + 2*f + 3*f - x*f. Determine b(c).
-5
Let b be (-45)/(-5) - (-4)/(-4). Let o(n) = 2*n**3 - 4*n**2 + 4 - n**3 + 6*n - b*n. Calculate o(4).
-4
Let k be (-2 - -2) + -2 - -1. Let d(a) = -a**3 - a + 1. Let c(t) = 3*t**3 + 3*t - 3 + 5*t**2 + 5 + 0. Let w(n) = k*c(n) - 4*d(n). Give w(5).
-1
Let q(v) = 2*v**3 - 3*v**3 + 2*v**2 + 3 + 0 + 3*v - 1. Suppose 4*n + 32 = 5*a, -n + 7 = 5*a - 10. Suppose -a*z = i - 7, 0*i - 4*i + 11 = -z. Calculate q(i).
2
Let d(q) = -2 + 3*q + 2 + 1. Let m be d(-1). Let r(n) = -2*n. Calculate r(m).
4
Let w(r) = r**3 - 2*r**2 - 7*r - 5. Let m(t) = -22*t + 3 + 5*t**3 - 5*t**2 - 19 - 2*t**3. Let x(c) = 2*m(c) - 7*w(c). Determine x(5).
3
Let g(c) = c**2 + 7*c - 3. Let w = -2 - -4. Let q be 6/(-5)*10/w. Calculate g(q).
-9
Let l(o) = o**2 - 6*o - 7. Let u be 9/2 + (-4)/(-8). Determine l(u).
-12
Let p(j) be the first derivative of -4 - 1/4*j**4 + 5/3*j**3 - 3*j - 2*j**2. Determine p(4).
-3
Let d(c) = 5. Let y(v) = -v - 18. Let u(l) = 7*d(l) + 2*y(l). Let t be 2/3 + 7/3. What is u(t)?
-7
Suppose -l = -2, 2*a - 14 = l - 6*l. Let i(m) = 0 + 2 - a*m + 5*m - 2*m. Let x = -3 - -7. Determine i(x).
6
Let n(y) = y. Suppose 0 = f - 3*x - 15, -3*f - 13 = -2*f + 4*x. Let v(m) = m + 4*m**3 - 4*m + 1 - f*m**3. Let j be v(2). What is n(j)?
3
Let z(x) = 2*x**3 - x**3 + 0*x**3. Let v(d) = 16*d**3 - d**2 + d + 0*d**2 - 24*d**3 + 3*d**2. Let r(o) = -v(o) - 2*z(o). Determine r(-1).
-7
Let v(c) = c**2 - 12*c + 14. Let j(u) = u**2 + 10*u + 19. Let m be j(-9). Give v(m).
-6
Let m be (-3)/4 + 138/24. Suppose 4*w - 2*v = -6*v + 28, 0 = m*w + 2*v - 20. Let u(j) = -5 - j**2 + 8*j - w*j - 1 + 0. Calculate u(4).
2
Suppose u - 8 = -0*u. Suppose -x = x + u. Let t(q) = q**2 + 3*q + 2. What is t(x)?
6
Suppose 3*t = 2*t + 4. Let w(y) = -7*y**3 + 10*y**2 + 2*y - 11. Let i(j) = 15*j**3 - 21*j**2 - 4*j + 23. Let k(h) = 6*i(h) + 13*w(h). Calculate k(t).
3
Let x(h) = -5*h**3 + 6*h**2 + 3*h - 8. Let l(q) = 11*q**3 - 12*q**2 - 7*q + 16. Let a(o) = 6*l(o) + 13*x(o). What is a(-6)?
10
Let a = -4 - -3. Let x be (-2 - 1)*a*1. Let o(m) = m**3 - 3*m**2 - m. What is o(x)?
-3
Let l = 0 - -3. Suppose -4*y - p + 2*p = 5, -l*y = p + 2. Let t(r) = -5*r**2. C